 d = 9, 3*d = 5*h - 5. Let g(x) = -3*x - 1. Calculate the remainder when p is divided by g(h).
2
Let v = -2342 + 2379. Let q(b) = 5*b**2 + 3*b + 3. Let d be q(-3). Suppose 0*p - d = -3*p. What is the remainder when v is divided by p?
11
Suppose 57 = r + 25. Calculate the remainder when 155 is divided by r.
27
Suppose -4*b - 8 + 40 = 0. Calculate the remainder when 42 is divided by b.
2
Suppose -3*b + 1090 = 5*c, 2*b = 3*c - 4*c + 218. What is the remainder when c is divided by 51?
14
Let o(j) = -2*j**3 + 7*j**2 - 7*j + 4. Let p be o(3). What is the remainder when 12 is divided by (((-12)/p)/3)/(1/18)?
3
Suppose -43*b - 4 = -47*b. Let s = 36 + b. Calculate the remainder when 147 is divided by s.
36
What is the remainder when 96 is divided by (-22)/(-3)*(-216)/(-48)?
30
Suppose 13*x - 88 = 2*x. Calculate the remainder when 21 is divided by x.
5
Suppose -20*t - 18 = -3*l - 15*t, 3*t - 9 = 0. Calculate the remainder when 30 is divided by l.
8
Let u(b) = b**2 + 24*b + 146. What is the remainder when 552/30 - (-2)/(-5) is divided by u(-11)?
0
Let a = -31 - 30. Let t = 90 + a. What is the remainder when t is divided by 10?
9
Suppose 0 = 4*m - 230 + 222. Suppose -5*y = -u + 144, -364 = -m*u - u - 2*y. Calculate the remainder when u is divided by 18.
16
Let o = 935 - 893. What is the remainder when 1005 is divided by o?
39
Let z be -2 + (-2 + 3)*2. What is the remainder when (-1)/3 + (-65)/(-15) is divided by -2 - (-1 + z)*5?
1
Let p(y) = y**3 - 5*y**2 - 7*y + 24. What is the remainder when 88 is divided by p(6)?
16
Let q(r) = 5*r**2 - 5*r - 71. What is the remainder when q(7) is divided by 11?
7
Let c be (56/(-21))/(2*2/(-6)). Suppose -3*b - 43 = -c*k, b + 3 = -2*b. Calculate the remainder when k is divided by 3.
1
Let w = 13 - 9. Suppose -w - 23 = -3*r. Let f = 32 - r. Calculate the remainder when 44 is divided by f.
21
Let f = -85 + 8. Let o = 83 + f. What is the remainder when 23 is divided by o?
5
Let z = -50 - -103. Suppose -4*w - 2*g + 202 = 0, -w = 2*g - 58 + 15. Let q = 67 - w. Calculate the remainder when z is divided by q.
11
Let z(h) = h + 6. Let m = -38 - -67. Let t = 64 - m. What is the remainder when t is divided by z(6)?
11
Suppose -13*s = -26*s + 559. Calculate the remainder when 1884/15 + 4/10 is divided by s.
40
Let f(l) = -38*l + 2. Let j = -24 - -22. Calculate the remainder when f(j) is divided by 27.
24
Let f(z) = -7*z - 106. Calculate the remainder when 38 is divided by f(-17).
12
Let z = 28 + -4. What is the remainder when 209 is divided by z?
17
Let b(s) = 2*s**2 + 6*s - 2. Suppose -5*g - 79 = -214. Calculate the remainder when b(6) is divided by g.
25
Suppose l - a = 219 - 79, 5*a = l - 148. Calculate the remainder when l is divided by 28.
26
Let s(m) = 65*m**2 + 9*m + 9. Calculate the remainder when 192 is divided by s(-1).
62
Suppose 8*u - 3 = 7*u. What is the remainder when (u + (-3 - -1))*31 is divided by 13?
5
Suppose -434 = -a - 6*a. Suppose 0 = -k - 2*i + 13, -a = -5*k + k + 2*i. What is the remainder when 40 is divided by k?
10
Let k = 0 - 0. Suppose -4 = -k*z - 2*z. Suppose z*o - 3*a = 103, -o - a + 18 = -21. Calculate the remainder when o is divided by 15.
14
Calculate the remainder when 25 is divided by (-224)/(-63) + (-16)/(-36).
1
Calculate the remainder when 97/9 + (-125)/45 + 3 is divided by 3.
2
Let n(c) = -c**3 + 8*c**2 - 7*c + 10. Let t be n(7). Suppose -t = 5*w - 6*w. What is the remainder when 37 is divided by w?
7
Let v(z) = -109 - 100 + 203 + 2*z. Calculate the remainder when 33 is divided by v(9).
9
Suppose -193*p + 2280 = -183*p. What is the remainder when p is divided by 26?
20
Let c be (-308)/(-42)*(-15)/(-2). Let k(t) = -29*t - 5. Let w(l) = 405*l + 70. Let r(x) = c*k(x) + 4*w(x). Calculate the remainder when r(2) is divided by 29.
26
Let m(x) = x**2 - 52*x - 51*x - 5 + 97*x. What is the remainder when 61 is divided by m(-3)?
17
Let s = -118 - -132. Calculate the remainder when s/(-4)*(-90 - 0) is divided by 53.
50
Suppose -4*s = -q - 274, -3*q - 74 = 3*s - 4*s. Suppose 2*d - h - 4 = 40, s = 4*d + 3*h. What is the remainder when 36 is divided by d?
16
Suppose -108*y = -113*y + 645. Calculate the remainder when y is divided by 66.
63
Let x(c) = 2*c + 6. Let u be x(-5). Let v be 3/12 + (-107)/u. Suppose -i = -90 + v. Calculate the remainder when i is divided by 16.
15
Suppose 4*k = -2*z + z - 40, 0 = -k - 3*z - 10. Let y be -21*(-5)/(k/4). Let c = 29 - y. What is the remainder when c is divided by 18?
17
Let u be (1 - 12) + -1 - -4. Let w = u - -35. Calculate the remainder when w is divided by (-57)/(-4) + (-4)/16.
13
Suppose 4*b - 29230 = -33*b. Calculate the remainder when b is divided by 18.
16
Calculate the remainder when 119 is divided by ((-8)/6)/((-64)/1536).
23
Let r(z) = 8*z - 5. Let p(g) = 129*g - 81. Let t(j) = -2*p(j) + 33*r(j). Suppose 6*s - 163 = 35. Calculate the remainder when s is divided by t(2).
6
Let u(n) = -11*n**3 - 6*n + 7. Let h be u(2). Let b = -77 - h. What is the remainder when 77 is divided by b?
13
Let z = 52 - -12. Suppose -297 = 16*g - 825. Calculate the remainder when z is divided by g.
31
Suppose w - 53 = 5*l, -37 = -2*w + 2*l + 61. Suppose 3*i - 3*h = -i + 78, 3*i + 3*h - w = 0. What is the remainder when i is divided by 10?
8
Let l = -3 + 41. Suppose 6*m - 129 = -9. Calculate the remainder when l is divided by m.
18
Suppose -4*j = 0, -2*b + 0*b = -3*j - 344. What is the remainder when b is divided by 44?
40
Suppose -2236 - 2504 = -60*m. Calculate the remainder when 171 is divided by m.
13
Suppose 4*y = -97 + 237. Let t(l) = -5*l - 27. Suppose 5*h - 5*w + 36 = -19, -3*h = -w + 29. What is the remainder when y is divided by t(h)?
17
Calculate the remainder when (-10 + (-245)/(-10))/(1/18) is divided by 44.
41
Suppose 25 = c + 5*g, 2*g - 25 = 3*c - 3*g. Suppose c = a - 0 - 16. Suppose 18*i - 5*i - 78 = 0. What is the remainder when a is divided by i?
4
Let j be (-8)/6*(285/(-6) + 1). Suppose -8 + j = r. Suppose 15 + 27 = 3*c. What is the remainder when r is divided by c?
12
Suppose 66 = 5*k + v - 89, -4*k + 108 = 4*v. Let o = -295 + 180. What is the remainder when k is divided by (-6)/9 + o/(-15)?
4
Suppose 0 = 5*v - 0*v + 15. Let s = 11 - v. Calculate the remainder when s is divided by 3.
2
Let m(t) = -2 + 3 - t + 17. Suppose 2*l + 3*l - 29 = 2*j, 3 = j. What is the remainder when m(0) is divided by l?
4
Let j(h) = -6*h + 12. Let o be j(3). Let c(i) = 5*i + 44. What is the remainder when 66 is divided by c(o)?
10
Suppose 5*z - 1 - 14 = -5*a, -35 = -5*a + 5*z. What is the remainder when -4 - ((-90)/a)/1 is divided by 6?
2
Suppose 25*b - 22*b + 3*n - 12 = 0, -n + 6 = 2*b. Let x = 2 - -5. Calculate the remainder when x is divided by b.
1
Let t(h) = h**2 - 3*h - 56. What is the remainder when 194 is divided by t(10)?
12
What is the remainder when (-376)/(-3) + 178/267 is divided by 8?
6
Let x(d) = 2*d + 68. Let w = -13 - -13. Let v be x(w). Suppose -3*o - 17 = -v. Calculate the remainder when o is divided by 6.
5
Suppose 2*x + 124 - 346 = 0. Suppose j = -2*j + x. Suppose 2*r = r + j. Calculate the remainder when r is divided by 20.
17
Let k(o) = o**3 - 55*o**2 + 4*o - 10. What is the remainder when k(55) is divided by 25?
10
Suppose 184 = 4*z + 4*z. Suppose -3*o = -4*m - 86 - 165, 5*o = 5*m + 425. What is the remainder when o is divided by z?
20
Suppose -4*i + 0*i - 1068 = -5*h, h + 3*i - 206 = 0. What is the remainder when h is divided by 12?
8
Let k(q) = -18*q - 227. Calculate the remainder when 677 is divided by k(-18).
95
What is the remainder when 1324 is divided by (340/(-255))/(4/(-234))?
76
Let q = 2190 + -2102. What is the remainder when 236 is divided by q?
60
Let k(r) = -15*r**2. Let t(n) = n**2 - 16*n - 18. Let i be t(17). Let a be k(i). Let h = 18 + a. Calculate the remainder when 7 is divided by h.
1
Suppose 2*q - 21 + 6 = -a, -q + 2*a = -15. Suppose -16 = 2*n - 20 - 52. Calculate the remainder when n is divided by q.
1
Suppose -98 = -4*h - 4*g - 10, -h - 2*g + 22 = 0. Suppose h*c = 28*c - 108. Let w = 219 + -150. Calculate the remainder when w is divided by c.
15
Suppose -2230 = -5*f - 505. Suppose 23*v - 28*v = -f. Let l = -8 - -20. Calculate the remainder when v is divided by l.
9
Suppose -5*q + q = -4, -53 = -5*s + 2*q. Let k = 34 + s. Calculate the r